{"id":8784,"date":"2013-06-18T05:00:00","date_gmt":"2013-06-18T05:00:00","guid":{"rendered":"http:\/\/www.fivecontinentseditions.com\/prodotto\/high-altitude-2\/"},"modified":"2017-12-21T18:23:17","modified_gmt":"2017-12-21T18:23:17","slug":"high-altitude-2","status":"publish","type":"product","link":"https:\/\/www.fivecontinentseditions.com\/fr\/p\/high-altitude-2\/","title":{"rendered":"High Altitude"},"content":{"rendered":"<p>Alt. +1000, le festival de photographie contemporaine qui a lieu dans le village de montagne de Rossini\u00e8re, dans les pr\u00e9alpes suisses, r\u00e9unit les &oelig;uvres d&rsquo;artistes travaillant sur une m\u00eame th\u00e9matique. En 2013, les travaux s&rsquo;articulent autour de la notion d&rsquo;altitude. Celle-ci englobe d&rsquo;une part la repr\u00e9sentation de la montagne, un th\u00e8me qui ne cesse de passionner les artistes depuis les excursions dans les Alpes du peintre Caspar Wolf au XVIIIe si\u00e8cle. La notion d&rsquo;altitude s&rsquo;exprime \u00e9galement par des vues a\u00e9riennes ou \u00e0travers l&rsquo;id\u00e9e de vertige. Les dispositifs sont vari\u00e9s et ouvrent des r\u00e9flexions sur l&rsquo;espace, le territoire et la question d&rsquo;\u00e9chelle. Que ce soit dans les travaux des laur\u00e9ats du concours ou ceux dans d&rsquo;artistes invit\u00e9s, la notion d&rsquo;altitude se retrouve dans des travaux photographiques aux lectures riches et multiples, \u00e0vocation artistique, documentaire ou conceptuelle.<\/p>\n<p><strong>Nathalie Herschdorfer<\/strong>, commissaire d&rsquo;exposition et historienne de l&rsquo;art, sp\u00e9cialis\u00e9e dans la photographie. Directrice du festival de photographie Alt. +1000 et du bureau suisse de la Foundation for the exhibition of photography (Fep), elle a occup\u00e9 le poste de conservatrice au Mus\u00e9e de l&rsquo;&Eacute;lys\u00e9e, suisse, pendant douze ans.<\/p>\n","protected":false},"excerpt":{"rendered":"<p>Alt. +1000, le festival de photographie contemporaine qui a lieu dans le village de montagne de Rossini\u00e8re, dans les pr\u00e9alpes suisses, r\u00e9unit les &oelig;uvres d&rsquo;artistes travaillant sur une m\u00eame th\u00e9matique. En 2013, les travaux s&rsquo;articulent autour de la notion d&rsquo;altitude. Celle-ci englobe d&rsquo;une part la repr\u00e9sentation de la montagne, un th\u00e8me qui ne cesse de&hellip;<\/p>\n","protected":false},"featured_media":8759,"template":"","meta":{"_acf_changed":false,"inline_featured_image":false},"product_brand":[],"product_cat":[73],"product_tag":[],"class_list":{"0":"post-8784","1":"product","2":"type-product","3":"status-publish","4":"has-post-thumbnail","6":"product_cat-photographie","7":"disponibilita-si","8":"description-off","10":"first","11":"instock","12":"shipping-taxable","13":"purchasable","14":"product-type-simple"},"acf":[],"_links":{"self":[{"href":"https:\/\/www.fivecontinentseditions.com\/fr\/wp-json\/wp\/v2\/product\/8784","targetHints":{"allow":["GET"]}}],"collection":[{"href":"https:\/\/www.fivecontinentseditions.com\/fr\/wp-json\/wp\/v2\/product"}],"about":[{"href":"https:\/\/www.fivecontinentseditions.com\/fr\/wp-json\/wp\/v2\/types\/product"}],"wp:featuredmedia":[{"embeddable":true,"href":"https:\/\/www.fivecontinentseditions.com\/fr\/wp-json\/wp\/v2\/media\/8759"}],"wp:attachment":[{"href":"https:\/\/www.fivecontinentseditions.com\/fr\/wp-json\/wp\/v2\/media?parent=8784"}],"wp:term":[{"taxonomy":"product_brand","embeddable":true,"href":"https:\/\/www.fivecontinentseditions.com\/fr\/wp-json\/wp\/v2\/product_brand?post=8784"},{"taxonomy":"product_cat","embeddable":true,"href":"https:\/\/www.fivecontinentseditions.com\/fr\/wp-json\/wp\/v2\/product_cat?post=8784"},{"taxonomy":"product_tag","embeddable":true,"href":"https:\/\/www.fivecontinentseditions.com\/fr\/wp-json\/wp\/v2\/product_tag?post=8784"}],"curies":[{"name":"wp","href":"https:\/\/api.w.org\/{rel}","templated":true}]}}

<p>Alt. +1000, le festival de photographie contemporaine qui a lieu dans le village de montagne de Rossinière, dans les préalpes suisses, réunit les &oelig;uvres d&rsquo;artistes travaillant sur une même thématique. En 2013, les travaux s&rsquo;articulent autour de la notion d&rsquo;altitude. Celle-ci englobe d&rsquo;une part la représentation de la montagne, un thème qui ne cesse de passionner les artistes depuis les excursions dans les Alpes du peintre Caspar Wolf au XVIIIe siècle. La notion d&rsquo;altitude s&rsquo;exprime également par des vues aériennes ou àtravers l&rsquo;idée de vertige. Les dispositifs sont variés et ouvrent des réflexions sur l&rsquo;espace, le territoire et la question d&rsquo;échelle. Que ce soit dans les travaux des lauréats du concours ou ceux dans d&rsquo;artistes invités, la notion d&rsquo;altitude se retrouve dans des travaux photographiques aux lectures riches et multiples, àvocation artistique, documentaire ou conceptuelle.</p>
<p><strong>Nathalie Herschdorfer</strong>, commissaire d&rsquo;exposition et historienne de l&rsquo;art, spécialisée dans la photographie. Directrice du festival de photographie Alt. +1000 et du bureau suisse de la Foundation for the exhibition of photography (Fep), elle a occupé le poste de conservatrice au Musée de l&rsquo;&Eacute;lysée, suisse, pendant douze ans.</p>

<p>Alt. +1000, le festival de photographie contemporaine qui a lieu dans le village de montagne de Rossinière, dans les préalpes suisses, réunit les &oelig;uvres d&rsquo;artistes travaillant sur une même thématique. En 2013, les travaux s&rsquo;articulent autour de la notion d&rsquo;altitude. Celle-ci englobe d&rsquo;une part la représentation de la montagne, un thème qui ne cesse de&hellip;</p>
