{"id":29936,"date":"2024-02-02T05:00:00","date_gmt":"2024-02-02T05:00:00","guid":{"rendered":"https:\/\/www.fivecontinentseditions.com\/?post_type=product&#038;p=29936"},"modified":"2025-12-05T13:53:30","modified_gmt":"2025-12-05T13:53:30","slug":"si-loin-si-proche","status":"publish","type":"product","link":"https:\/\/www.fivecontinentseditions.com\/fr\/p\/si-loin-si-proche\/","title":{"rendered":"Si loin, si proche | So distant, so near"},"content":{"rendered":"<p><i><span style=\"font-weight: 400;\">Sous la direction de Laure Schwartz-Arenales<\/span><\/i><\/p>\n<p><i><span style=\"font-weight: 400;\">Textes de Laure Schwartz-Arenales, Pierre Cambon, Philippe Clerc, Karelle M\u00e9nine, Ji Young Demol Park, Lee Lee Nam et Ma\u00ebl Bellec<\/span><\/i><\/p>\n<p><span style=\"font-weight: 400;\">\u00c0 l\u2019occasion des c\u00e9l\u00e9brations du 60e<\/span> <span style=\"font-weight: 400;\">anniversaire des relations diplomatiques entre la Suisse et la Cor\u00e9e du\u00a0<\/span><span style=\"font-weight: 400;\">Sud, <\/span>cet ouvrage propose une plong\u00e9e in\u00e9dite \u00e0 la rencontre de deux artistes cor\u00e9ens contemporains, Ji-Young Demol Park et Lee Lee Nam, et de leur repr\u00e9sentation du paysage, et de la montagne en particulier.<\/p>\n<p><span style=\"font-weight: 400;\">L\u2019\u00e9vocation de la nature se d\u00e9ploie \u00e0 travers les liens tiss\u00e9s au cours des si\u00e8cles entre cultures et objets, mati\u00e8res, teintes et motifs. Tuiles d\u00e9cor\u00e9es, c\u00e9ladons couleur de jade et de pin, lignes d\u2019horizons bleuies \u00e0 l\u2019oxyde de cobalt, porcelaines aux rev\u00eatements blanc de neige ou de lune font ainsi \u00e9cho au travail des deux cr\u00e9ateurs dont les regards se croisent et se retrouvent dans les paysages du grand peintre <\/span><b>Jeong Seon<\/b><span style=\"font-weight: 400;\"> (1676-1759).\u00a0<\/span><\/p>\n<p><span style=\"font-weight: 400;\">Mais ce qui, \u00e0 travers leurs diff\u00e9rences, unit les montagnes baign\u00e9es d\u2019encre de Ji-Young Demol Park et les paysages virtuels de Lee Lee Nam, ce sont tout autant l\u2019originalit\u00e9 et la f\u00e9condit\u00e9 de leur rapport \u00e0 cet h\u00e9ritage que la puissance de leurs univers respectifs orient\u00e9s vers un certain r\u00e9-enchantement de la nature. \u00c0 l\u2019image de Jeong Seon, le peintre des \u00ab\u00a0vues authentiques\u00a0\u00bb et des monts de Diamant, les deux artistes questionnent et marient en permanence un vaste corpus artistique naviguant bien au-del\u00e0 de leur Cor\u00e9e natale et font de leur interpr\u00e9tation de la montagne un support de m\u00e9ditation, un trait d\u2019union r\u00e9v\u00e9lateur vers la beaut\u00e9 du monde d\u2019hier et d\u2019aujourd\u2019hui.<\/span><\/p>\n<p><b>Laure Schwartz-Arenales, <\/b><span style=\"font-weight: 400;\">dipl\u00f4m\u00e9e de l\u2019\u00c9cole du Louvre, docteur de Paris IV Sorbonne, d\u00e9bute sa carri\u00e8re au Mus\u00e9e national des arts asiatiques \u2013 Guimet et \u00e0 l\u2019\u00c9cole du Louvre o\u00f9 elle enseigne les arts extr\u00eame-orientaux. Ses recherches sur la peinture japonaise men\u00e9es au Japon (universit\u00e9 T\u014dhoku, Mus\u00e9e national de Kyoto) sont r\u00e9compens\u00e9es en 2007 par la Kajima Foundation for the Arts. Professeur \u00e0 l\u2019universit\u00e9 Ochanomizu puis \u00e0 l\u2019universit\u00e9 Sophia (Tokyo), elle dirige depuis 2018 la Fondation Baur, mus\u00e9e des Arts d\u2019Extr\u00eame-Orient \u00e0 Gen\u00e8ve.<\/span><\/p>\n<p><b>Pierre Cambon<\/b><span style=\"font-weight: 400;\">, responsable des collections cor\u00e9ennes au Mus\u00e9e national des arts asiatiques \u2013 Guimet (1992-2022), a pilot\u00e9 plusieurs expositions dont il a r\u00e9dig\u00e9 le catalogue\u00a0: 2001, <\/span><i><span style=\"font-weight: 400;\">Nostalgies cor\u00e9ennes<\/span><\/i><span style=\"font-weight: 400;\"> ; 2003, <\/span><i><span style=\"font-weight: 400;\">Itami Jun <\/span><\/i><span style=\"font-weight: 400;\">; 2005, <\/span><i><span style=\"font-weight: 400;\">La Po\u00e9sie de l\u2019encre\u00a0<\/span><\/i><span style=\"font-weight: 400;\">; 2015, <\/span><i><span style=\"font-weight: 400;\">Cinq si\u00e8cles de peinture en Cor\u00e9e<\/span><\/i><span style=\"font-weight: 400;\">. Consultant au Centre du patrimoine mondial, il a effectu\u00e9 des missions \u00e0 Pyongyang (1999-2000) et fut attach\u00e9 culturel \u00e0 l\u2019ambassade de France en Cor\u00e9e (1988-1992).\u00a0<\/span><\/p>\n<p><b>Philippe Clerc, <\/b><span style=\"font-weight: 400;\">historien de l\u2019art form\u00e9 \u00e0 l\u2019universit\u00e9 de Fribourg, a travaill\u00e9 pour la maison de vente aux ench\u00e8res Christie\u2019s avant d\u2019entrer au service de diff\u00e9rents collectionneurs suisses et internationaux. Sp\u00e9cialiste de la peinture suisse des XIX<\/span><span style=\"font-weight: 400;\">e<\/span><span style=\"font-weight: 400;\"> et XX<\/span><span style=\"font-weight: 400;\">e<\/span><span style=\"font-weight: 400;\"> si\u00e8cles, il effectue des recherches sur les artistes genevois et fribourgeois proches de Ferdinand Hodler et publie r\u00e9guli\u00e8rement sur le sujet.<\/span><\/p>\n<p><b>Karelle M\u00e9nine <\/b><span style=\"font-weight: 400;\">est une historienne et autrice suisse vivant \u00e0 Gen\u00e8ve. Son travail s\u2019attache \u00e0 interroger notre rapport \u00e0 la litt\u00e9rature et aux archives <\/span><i><span style=\"font-weight: 400;\">via<\/span><\/i><span style=\"font-weight: 400;\"> des pi\u00e8ces de th\u00e9\u00e2tre, des essais et des installations. Ses deux derniers ouvrages sont parus chez M\u00e9tisPresses : <\/span><i><span style=\"font-weight: 400;\">Bleuir l\u2019immensit\u00e9<\/span><\/i><span style=\"font-weight: 400;\"> (2022), et Labor et Fides\u00a0: <\/span><i><span style=\"font-weight: 400;\">Nimbe noir<\/span><\/i><span style=\"font-weight: 400;\"> (2022). Elle dirige par ailleurs la collection \u00ab\u00a0ArchVives\u00a0\u00bb de M\u00e9tisPresses.<\/span><\/p>\n<p><b>Ji Young Demol Park, <\/b><span style=\"font-weight: 400;\">artiste form\u00e9e entre la Cor\u00e9e, la France et la Suisse, renoue en 2012 avec l\u2019expression plastique qui lui est originelle : le dessin, l\u2019eau et les pigments. Des rives du L\u00e9man aux cr\u00eates alpines, elle nous livre aujourd\u2019hui son regard sur les montagnes de sa Cor\u00e9e natale. Peintre de terrain, elle ne se d\u00e9place jamais sans un carnet, un rouleau ou encore un leporello\u00a0; d\u2019un trac\u00e9 vigoureux et quelques lavis, elle y consigne ses \u00e9motions face \u00e0 la contemplation du monde.<\/span><\/p>\n<p><b>Lee Lee Nam<\/b><span style=\"font-weight: 400;\">, reconnu comme l\u2019un des principaux repr\u00e9sentants de l\u2019art vid\u00e9o de sa g\u00e9n\u00e9ration, est n\u00e9 en 1969 \u00e0 Gwangju en Cor\u00e9e du Sud. Docteur en beaux-arts de l\u2019universit\u00e9 Chosun, o\u00f9 il se forme \u00e0 la sculpture, il obtient \u00e9galement un doctorat \u00e0 l\u2019\u00c9cole sup\u00e9rieure de communication et d\u2019art de l\u2019universit\u00e9 de Yonsei. En virtuose de l\u2019animation, il revisite les chefs-d\u2019\u0153uvre picturaux\u00a0de l\u2019art mondial. Po\u00e9tique, onirique, son approche de la peinture de paysage est un support de m\u00e9ditation, un trait d\u2019union r\u00e9v\u00e9lateur vers la beaut\u00e9 du monde d\u2019hier et d\u2019aujourd\u2019hui.<\/span><\/p>\n<p><b>Ma\u00ebl Bellec, <\/b><span style=\"font-weight: 400;\">conservateur en charge des collections chinoises et cor\u00e9ennes du mus\u00e9e Cernuschi, a organis\u00e9 plusieurs expositions consacr\u00e9es \u00e0 l\u2019art moderne et contemporain. Il a ainsi \u00e9t\u00e9 commissaire ou co-commissaire de <\/span><i><span style=\"font-weight: 400;\">L\u2019\u00e9cole de Lingnan\u00a0: L\u2019\u00e9veil de la Chine moderne<\/span><\/i><span style=\"font-weight: 400;\">, <\/span><i><span style=\"font-weight: 400;\">S\u00e9oul-Paris-S\u00e9oul\u00a0: Artistes cor\u00e9ens en France<\/span><\/i><span style=\"font-weight: 400;\">, <\/span><i><span style=\"font-weight: 400;\">Lee Ungno, l\u2019homme des foules<\/span><\/i><span style=\"font-weight: 400;\">, <\/span><i><span style=\"font-weight: 400;\">Walasse Ting, le voleur de fleurs<\/span><\/i><span style=\"font-weight: 400;\">, <\/span><i><span style=\"font-weight: 400;\">Bang Hai Ja\u00a0: Et la mati\u00e8re devint lumi\u00e8re<\/span><\/i><span style=\"font-weight: 400;\">, <\/span><i><span style=\"font-weight: 400;\">L\u2019encre en mouvement\u00a0: Une histoire de la peinture chinoise au XX<\/span><\/i><i><span style=\"font-weight: 400;\">e<\/span><\/i><i><span style=\"font-weight: 400;\">\u00a0si\u00e8cle<\/span><\/i><span style=\"font-weight: 400;\">, ainsi que des diff\u00e9rentes \u00e9ditions du programme d\u2019art vid\u00e9o du mus\u00e9e Cernuschi.<\/span><\/p>\n<p><a href=\"https:\/\/fondation-baur.ch\/fr\/expositions\/si-loin-si-proche-le-pays-du-matin-calme\" target=\"_blank\" rel=\"noopener\"><span style=\"font-weight: 400;\">Exposition :\u00a0<\/span><span style=\"font-weight: 400;\">Fondation Baur, Mus\u00e9e des Arts d&rsquo;Extr\u00eame-Orient, Geneva d<\/span><span style=\"font-weight: 400;\">u 20 mars au 30 juin 2024<\/span><\/a><\/p>\n<p><iframe loading=\"lazy\" title=\"YouTube video player\" src=\"https:\/\/www.youtube.com\/embed\/wBSCQh3QW6U?si=lC1m3whSO9f5idW6\" width=\"560\" height=\"315\" frameborder=\"0\" allowfullscreen=\"allowfullscreen\"><\/iframe><\/p>\n","protected":false},"excerpt":{"rendered":"<p>Sous la direction de Laure Schwartz-Arenales Textes de Laure Schwartz-Arenales, Pierre Cambon, Philippe Clerc, Karelle M\u00e9nine, Ji Young Demol Park, Lee Lee Nam et Ma\u00ebl Bellec \u00c0 l\u2019occasion des c\u00e9l\u00e9brations du 60e anniversaire des relations diplomatiques entre la Suisse et la Cor\u00e9e du\u00a0Sud, cet ouvrage propose une plong\u00e9e in\u00e9dite \u00e0 la rencontre de deux artistes&hellip;<\/p>\n","protected":false},"featured_media":30552,"template":"","meta":{"_acf_changed":false,"inline_featured_image":false},"product_brand":[],"product_cat":[56,57],"product_tag":[],"class_list":{"0":"post-29936","1":"product","2":"type-product","3":"status-publish","4":"has-post-thumbnail","6":"product_cat-art-asiatique","7":"product_cat-art-contemporain","8":"disponibilita-si","9":"description-off","11":"first","12":"instock","13":"shipping-taxable","14":"purchasable","15":"product-type-simple"},"acf":[],"_links":{"self":[{"href":"https:\/\/www.fivecontinentseditions.com\/fr\/wp-json\/wp\/v2\/product\/29936","targetHints":{"allow":["GET"]}}],"collection":[{"href":"https:\/\/www.fivecontinentseditions.com\/fr\/wp-json\/wp\/v2\/product"}],"about":[{"href":"https:\/\/www.fivecontinentseditions.com\/fr\/wp-json\/wp\/v2\/types\/product"}],"wp:featuredmedia":[{"embeddable":true,"href":"https:\/\/www.fivecontinentseditions.com\/fr\/wp-json\/wp\/v2\/media\/30552"}],"wp:attachment":[{"href":"https:\/\/www.fivecontinentseditions.com\/fr\/wp-json\/wp\/v2\/media?parent=29936"}],"wp:term":[{"taxonomy":"product_brand","embeddable":true,"href":"https:\/\/www.fivecontinentseditions.com\/fr\/wp-json\/wp\/v2\/product_brand?post=29936"},{"taxonomy":"product_cat","embeddable":true,"href":"https:\/\/www.fivecontinentseditions.com\/fr\/wp-json\/wp\/v2\/product_cat?post=29936"},{"taxonomy":"product_tag","embeddable":true,"href":"https:\/\/www.fivecontinentseditions.com\/fr\/wp-json\/wp\/v2\/product_tag?post=29936"}],"curies":[{"name":"wp","href":"https:\/\/api.w.org\/{rel}","templated":true}]}}

<p><i><span style="font-weight: 400;">Sous la direction de Laure Schwartz-Arenales</span></i></p>
<p><i><span style="font-weight: 400;">Textes de Laure Schwartz-Arenales, Pierre Cambon, Philippe Clerc, Karelle Ménine, Ji Young Demol Park, Lee Lee Nam et Maël Bellec</span></i></p>
<p><span style="font-weight: 400;">À l’occasion des célébrations du 60e</span> <span style="font-weight: 400;">anniversaire des relations diplomatiques entre la Suisse et la Corée du </span><span style="font-weight: 400;">Sud, </span>cet ouvrage propose une plongée inédite à la rencontre de deux artistes coréens contemporains, Ji-Young Demol Park et Lee Lee Nam, et de leur représentation du paysage, et de la montagne en particulier.</p>
<p><span style="font-weight: 400;">L’évocation de la nature se déploie à travers les liens tissés au cours des siècles entre cultures et objets, matières, teintes et motifs. Tuiles décorées, céladons couleur de jade et de pin, lignes d’horizons bleuies à l’oxyde de cobalt, porcelaines aux revêtements blanc de neige ou de lune font ainsi écho au travail des deux créateurs dont les regards se croisent et se retrouvent dans les paysages du grand peintre </span><b>Jeong Seon</b><span style="font-weight: 400;"> (1676-1759). </span></p>
<p><span style="font-weight: 400;">Mais ce qui, à travers leurs différences, unit les montagnes baignées d’encre de Ji-Young Demol Park et les paysages virtuels de Lee Lee Nam, ce sont tout autant l’originalité et la fécondité de leur rapport à cet héritage que la puissance de leurs univers respectifs orientés vers un certain ré-enchantement de la nature. À l’image de Jeong Seon, le peintre des « vues authentiques » et des monts de Diamant, les deux artistes questionnent et marient en permanence un vaste corpus artistique naviguant bien au-delà de leur Corée natale et font de leur interprétation de la montagne un support de méditation, un trait d’union révélateur vers la beauté du monde d’hier et d’aujourd’hui.</span></p>
<p><b>Laure Schwartz-Arenales, </b><span style="font-weight: 400;">diplômée de l’École du Louvre, docteur de Paris IV Sorbonne, débute sa carrière au Musée national des arts asiatiques – Guimet et à l’École du Louvre où elle enseigne les arts extrême-orientaux. Ses recherches sur la peinture japonaise menées au Japon (université Tōhoku, Musée national de Kyoto) sont récompensées en 2007 par la Kajima Foundation for the Arts. Professeur à l’université Ochanomizu puis à l’université Sophia (Tokyo), elle dirige depuis 2018 la Fondation Baur, musée des Arts d’Extrême-Orient à Genève.</span></p>
<p><b>Pierre Cambon</b><span style="font-weight: 400;">, responsable des collections coréennes au Musée national des arts asiatiques – Guimet (1992-2022), a piloté plusieurs expositions dont il a rédigé le catalogue : 2001, </span><i><span style="font-weight: 400;">Nostalgies coréennes</span></i><span style="font-weight: 400;"> ; 2003, </span><i><span style="font-weight: 400;">Itami Jun </span></i><span style="font-weight: 400;">; 2005, </span><i><span style="font-weight: 400;">La Poésie de l’encre </span></i><span style="font-weight: 400;">; 2015, </span><i><span style="font-weight: 400;">Cinq siècles de peinture en Corée</span></i><span style="font-weight: 400;">. Consultant au Centre du patrimoine mondial, il a effectué des missions à Pyongyang (1999-2000) et fut attaché culturel à l’ambassade de France en Corée (1988-1992). </span></p>
<p><b>Philippe Clerc, </b><span style="font-weight: 400;">historien de l’art formé à l’université de Fribourg, a travaillé pour la maison de vente aux enchères Christie’s avant d’entrer au service de différents collectionneurs suisses et internationaux. Spécialiste de la peinture suisse des XIX</span><span style="font-weight: 400;">e</span><span style="font-weight: 400;"> et XX</span><span style="font-weight: 400;">e</span><span style="font-weight: 400;"> siècles, il effectue des recherches sur les artistes genevois et fribourgeois proches de Ferdinand Hodler et publie régulièrement sur le sujet.</span></p>
<p><b>Karelle Ménine </b><span style="font-weight: 400;">est une historienne et autrice suisse vivant à Genève. Son travail s’attache à interroger notre rapport à la littérature et aux archives </span><i><span style="font-weight: 400;">via</span></i><span style="font-weight: 400;"> des pièces de théâtre, des essais et des installations. Ses deux derniers ouvrages sont parus chez MétisPresses : </span><i><span style="font-weight: 400;">Bleuir l’immensité</span></i><span style="font-weight: 400;"> (2022), et Labor et Fides : </span><i><span style="font-weight: 400;">Nimbe noir</span></i><span style="font-weight: 400;"> (2022). Elle dirige par ailleurs la collection « ArchVives » de MétisPresses.</span></p>
<p><b>Ji Young Demol Park, </b><span style="font-weight: 400;">artiste formée entre la Corée, la France et la Suisse, renoue en 2012 avec l’expression plastique qui lui est originelle : le dessin, l’eau et les pigments. Des rives du Léman aux crêtes alpines, elle nous livre aujourd’hui son regard sur les montagnes de sa Corée natale. Peintre de terrain, elle ne se déplace jamais sans un carnet, un rouleau ou encore un leporello ; d’un tracé vigoureux et quelques lavis, elle y consigne ses émotions face à la contemplation du monde.</span></p>
<p><b>Lee Lee Nam</b><span style="font-weight: 400;">, reconnu comme l’un des principaux représentants de l’art vidéo de sa génération, est né en 1969 à Gwangju en Corée du Sud. Docteur en beaux-arts de l’université Chosun, où il se forme à la sculpture, il obtient également un doctorat à l’École supérieure de communication et d’art de l’université de Yonsei. En virtuose de l’animation, il revisite les chefs-d’œuvre picturaux de l’art mondial. Poétique, onirique, son approche de la peinture de paysage est un support de méditation, un trait d’union révélateur vers la beauté du monde d’hier et d’aujourd’hui.</span></p>
<p><b>Maël Bellec, </b><span style="font-weight: 400;">conservateur en charge des collections chinoises et coréennes du musée Cernuschi, a organisé plusieurs expositions consacrées à l’art moderne et contemporain. Il a ainsi été commissaire ou co-commissaire de </span><i><span style="font-weight: 400;">L’école de Lingnan : L’éveil de la Chine moderne</span></i><span style="font-weight: 400;">, </span><i><span style="font-weight: 400;">Séoul-Paris-Séoul : Artistes coréens en France</span></i><span style="font-weight: 400;">, </span><i><span style="font-weight: 400;">Lee Ungno, l’homme des foules</span></i><span style="font-weight: 400;">, </span><i><span style="font-weight: 400;">Walasse Ting, le voleur de fleurs</span></i><span style="font-weight: 400;">, </span><i><span style="font-weight: 400;">Bang Hai Ja : Et la matière devint lumière</span></i><span style="font-weight: 400;">, </span><i><span style="font-weight: 400;">L’encre en mouvement : Une histoire de la peinture chinoise au XX</span></i><i><span style="font-weight: 400;">e</span></i><i><span style="font-weight: 400;"> siècle</span></i><span style="font-weight: 400;">, ainsi que des différentes éditions du programme d’art vidéo du musée Cernuschi.</span></p>
<p><a href="https://fondation-baur.ch/fr/expositions/si-loin-si-proche-le-pays-du-matin-calme" target="_blank" rel="noopener"><span style="font-weight: 400;">Exposition : </span><span style="font-weight: 400;">Fondation Baur, Musée des Arts d&rsquo;Extrême-Orient, Geneva d</span><span style="font-weight: 400;">u 20 mars au 30 juin 2024</span></a></p>
<p><iframe loading="lazy" title="YouTube video player" src="https://www.youtube.com/embed/wBSCQh3QW6U?si=lC1m3whSO9f5idW6" width="560" height="315" frameborder="0" allowfullscreen="allowfullscreen"></iframe></p>

<p>Sous la direction de Laure Schwartz-Arenales Textes de Laure Schwartz-Arenales, Pierre Cambon, Philippe Clerc, Karelle Ménine, Ji Young Demol Park, Lee Lee Nam et Maël Bellec À l’occasion des célébrations du 60e anniversaire des relations diplomatiques entre la Suisse et la Corée du Sud, cet ouvrage propose une plongée inédite à la rencontre de deux artistes&hellip;</p>
