{"id":27553,"date":"2022-10-13T05:00:00","date_gmt":"2022-10-13T05:00:00","guid":{"rendered":"https:\/\/www.fivecontinentseditions.com\/?post_type=product&#038;p=27553"},"modified":"2024-05-14T19:16:46","modified_gmt":"2024-05-14T19:16:46","slug":"il-corpo-poetico-tutto-e-santo-pasolini","status":"publish","type":"product","link":"https:\/\/www.fivecontinentseditions.com\/fr\/p\/il-corpo-poetico-tutto-e-santo-pasolini\/","title":{"rendered":"Pasolini Tutto \u00e8 santo Il corpo poetico"},"content":{"rendered":"<p>Ce volume accompagne l\u2019exposition d\u2019ouverture du grand projet \u00ab\u00a0Pier Paolo Pasolini. Tutto \u00e8 santo\u00a0\u00bb accueillie au Palazzo delle Esposizioni de Rome. Le th\u00e8me central de l\u2019ouvrage montre comment, pour Pasolini, le corps est le lieu de l\u2019incarnation de la parole. Cette interpr\u00e9tation est in\u00e9dite, car chez aucun autre po\u00e8te, \u00e9crivain, intellectuel ou auteur cin\u00e9matographique le corps a donn\u00e9 de la place \u00e0 la parole de mani\u00e8re aussi authentique. Les diff\u00e9rentes sections de l\u2019exposition se refl\u00e8tent dans la composition du volume, elles sont consacr\u00e9es au visage, \u00e0 la voix, aux costumes, \u00e0 la relation de Pasolini aux femmes et \u00e0 la d\u00e9rision.<\/p>\n<p>Tout tourne autour de la dimension radicale que Pasolini, comme po\u00e8te et auteur, a v\u00e9cu avec la totalit\u00e9 de son corps. Il a travers\u00e9 et exp\u00e9riment\u00e9 le monde d\u2019une mani\u00e8re physique, synonyme tant\u00f4t de pl\u00e9nitude et de splendeur, tant\u00f4t de trag\u00e9die, mais qui toujours t\u00e9moignait d\u2019un amour extr\u00eame de la vie et de la r\u00e9alit\u00e9.<\/p>\n<p><strong>Giuseppe<\/strong> <strong>Garrera <\/strong>est historien de l\u2019art, commissaire d\u2019exposition et collectionneur. Avec Sebastiano Triulzi, il est l\u2019auteur de \u00ab\u00a0<em>Razza sacra<\/em>\u00a0\u00bb. <em>Pasolini e le donne (appunti per una ricerca) <\/em>publi\u00e9 en 2019.<\/p>\n<p><strong>Cesare Pietroiusti<\/strong> est un artiste visuel, fondateur et coordinateur de nombreux centres de recherche, de projets et de congr\u00e8s sur l\u2019art. Il a une formation de psychiatre.<\/p>\n<p><strong>Clara Tosi Pamphili<\/strong> est architecte, sp\u00e9cialiste en arts appliqu\u00e9s et directrice artistique pour des marques et des \u00e9v\u00e9nements li\u00e9s \u00e0 la mode.<\/p>\n<p>&nbsp;<\/p>\n<p><strong>Exposition<\/strong><\/p>\n<p>Rome, Palazzo delle Esposizioni | 17 octobre 2022 \u2013 20 janvier 2023<\/p>\n<p>&nbsp;<\/p>\n<p><strong>Pier Paolo Pasolini. Tutto \u00e8 santo<\/strong><\/p>\n<p>5 Continents Editions est le partenaire \u00e9ditorial de la grande exposition \u00ab\u00a0Pier Paolo Pasolini. Tutto \u00e8 santo\u00a0\u00bb [Pier Paolo Pasolini. Tout est saint], \u00e0 laquelle prennent part trois institutions mus\u00e9ales romaines\u00a0: le Palazzo delle Esposizioni, le Palazzo Barberini et le Museo MAXXI. Le th\u00e8me de la sacralit\u00e9, si cher \u00e0 l\u2019auteur, sera d\u00e9clin\u00e9 au long d\u2019un parcours multidisciplinaire qui mettra en lumi\u00e8re les traits distinctifs de Pasolini l\u2019\u00e9crivain, le r\u00e9alisateur et l\u2019artiste.<\/p>\n<p>Cette importante manifestation, dont le titre se r\u00e9f\u00e8re \u00e0 une phrase prononc\u00e9e dans le film <em>M\u00e9d\u00e9e<\/em> (1969) par le sage Chiron \u00e9voquant la myst\u00e9rieuse sacralit\u00e9 du monde (celle du monde du sous-prol\u00e9tariat, archa\u00efque, religieux, qui entre en conflit avec les h\u00e9ros du monde rationnel, la\u00efque et bourgeois), cl\u00f4turera l\u2019ann\u00e9e des c\u00e9l\u00e9brations organis\u00e9es \u00e0 l\u2019occasion du centenaire de la naissance de Pier Paolo Pasolini (Bologne, 5 mars 1922-Rome, 2 novembre 1975).<\/p>\n<p>Chaque lieu d\u00e9clinera le th\u00e8me selon des modalit\u00e9s sp\u00e9cifiques en recourant \u00e0 des disciplines et \u00e0 des m\u00e9dias diff\u00e9rents, \u00e0 des \u0153uvres originales et \u00e0 des documents d\u2019archives, en \u00e9tant conscient de faire partie d\u2019un regard plus large dont l\u2019objectif est de mener \u00e0 une r\u00e9flexion in\u00e9dite sur la production pasolinienne et sur l\u2019influence culturelle qu\u2019elle a exerc\u00e9e.<\/p>\n","protected":false},"excerpt":{"rendered":"<p>Ce volume accompagne l\u2019exposition d\u2019ouverture du grand projet \u00ab\u00a0Pier Paolo Pasolini. Tutto \u00e8 santo\u00a0\u00bb accueillie au Palazzo delle Esposizioni de Rome. Le th\u00e8me central de l\u2019ouvrage montre comment, pour Pasolini, le corps est le lieu de l\u2019incarnation de la parole. Cette interpr\u00e9tation est in\u00e9dite, car chez aucun autre po\u00e8te, \u00e9crivain, intellectuel ou auteur cin\u00e9matographique le&hellip;<\/p>\n","protected":false},"featured_media":27573,"template":"","meta":{"_acf_changed":false,"inline_featured_image":false},"product_brand":[],"product_cat":[57],"product_tag":[],"class_list":{"0":"post-27553","1":"product","2":"type-product","3":"status-publish","4":"has-post-thumbnail","6":"product_cat-art-contemporain","7":"disponibilita-si","8":"description-off","10":"first","11":"instock","12":"shipping-taxable","13":"purchasable","14":"product-type-simple"},"acf":[],"_links":{"self":[{"href":"https:\/\/www.fivecontinentseditions.com\/fr\/wp-json\/wp\/v2\/product\/27553","targetHints":{"allow":["GET"]}}],"collection":[{"href":"https:\/\/www.fivecontinentseditions.com\/fr\/wp-json\/wp\/v2\/product"}],"about":[{"href":"https:\/\/www.fivecontinentseditions.com\/fr\/wp-json\/wp\/v2\/types\/product"}],"wp:featuredmedia":[{"embeddable":true,"href":"https:\/\/www.fivecontinentseditions.com\/fr\/wp-json\/wp\/v2\/media\/27573"}],"wp:attachment":[{"href":"https:\/\/www.fivecontinentseditions.com\/fr\/wp-json\/wp\/v2\/media?parent=27553"}],"wp:term":[{"taxonomy":"product_brand","embeddable":true,"href":"https:\/\/www.fivecontinentseditions.com\/fr\/wp-json\/wp\/v2\/product_brand?post=27553"},{"taxonomy":"product_cat","embeddable":true,"href":"https:\/\/www.fivecontinentseditions.com\/fr\/wp-json\/wp\/v2\/product_cat?post=27553"},{"taxonomy":"product_tag","embeddable":true,"href":"https:\/\/www.fivecontinentseditions.com\/fr\/wp-json\/wp\/v2\/product_tag?post=27553"}],"curies":[{"name":"wp","href":"https:\/\/api.w.org\/{rel}","templated":true}]}}

Pasolini Tutto è santo Il corpo poetico

<p>Ce volume accompagne l’exposition d’ouverture du grand projet « Pier Paolo Pasolini. Tutto è santo » accueillie au Palazzo delle Esposizioni de Rome. Le thème central de l’ouvrage montre comment, pour Pasolini, le corps est le lieu de l’incarnation de la parole. Cette interprétation est inédite, car chez aucun autre poète, écrivain, intellectuel ou auteur cinématographique le corps a donné de la place à la parole de manière aussi authentique. Les différentes sections de l’exposition se reflètent dans la composition du volume, elles sont consacrées au visage, à la voix, aux costumes, à la relation de Pasolini aux femmes et à la dérision.</p>
<p>Tout tourne autour de la dimension radicale que Pasolini, comme poète et auteur, a vécu avec la totalité de son corps. Il a traversé et expérimenté le monde d’une manière physique, synonyme tantôt de plénitude et de splendeur, tantôt de tragédie, mais qui toujours témoignait d’un amour extrême de la vie et de la réalité.</p>
<p><strong>Giuseppe</strong> <strong>Garrera </strong>est historien de l’art, commissaire d’exposition et collectionneur. Avec Sebastiano Triulzi, il est l’auteur de « <em>Razza sacra</em> ». <em>Pasolini e le donne (appunti per una ricerca) </em>publié en 2019.</p>
<p><strong>Cesare Pietroiusti</strong> est un artiste visuel, fondateur et coordinateur de nombreux centres de recherche, de projets et de congrès sur l’art. Il a une formation de psychiatre.</p>
<p><strong>Clara Tosi Pamphili</strong> est architecte, spécialiste en arts appliqués et directrice artistique pour des marques et des événements liés à la mode.</p>
<p>&nbsp;</p>
<p><strong>Exposition</strong></p>
<p>Rome, Palazzo delle Esposizioni | 17 octobre 2022 – 20 janvier 2023</p>
<p>&nbsp;</p>
<p><strong>Pier Paolo Pasolini. Tutto è santo</strong></p>
<p>5 Continents Editions est le partenaire éditorial de la grande exposition « Pier Paolo Pasolini. Tutto è santo » [Pier Paolo Pasolini. Tout est saint], à laquelle prennent part trois institutions muséales romaines : le Palazzo delle Esposizioni, le Palazzo Barberini et le Museo MAXXI. Le thème de la sacralité, si cher à l’auteur, sera décliné au long d’un parcours multidisciplinaire qui mettra en lumière les traits distinctifs de Pasolini l’écrivain, le réalisateur et l’artiste.</p>
<p>Cette importante manifestation, dont le titre se réfère à une phrase prononcée dans le film <em>Médée</em> (1969) par le sage Chiron évoquant la mystérieuse sacralité du monde (celle du monde du sous-prolétariat, archaïque, religieux, qui entre en conflit avec les héros du monde rationnel, laïque et bourgeois), clôturera l’année des célébrations organisées à l’occasion du centenaire de la naissance de Pier Paolo Pasolini (Bologne, 5 mars 1922-Rome, 2 novembre 1975).</p>
<p>Chaque lieu déclinera le thème selon des modalités spécifiques en recourant à des disciplines et à des médias différents, à des œuvres originales et à des documents d’archives, en étant conscient de faire partie d’un regard plus large dont l’objectif est de mener à une réflexion inédite sur la production pasolinienne et sur l’influence culturelle qu’elle a exercée.</p>

<p>Ce volume accompagne l’exposition d’ouverture du grand projet « Pier Paolo Pasolini. Tutto è santo » accueillie au Palazzo delle Esposizioni de Rome. Le thème central de l’ouvrage montre comment, pour Pasolini, le corps est le lieu de l’incarnation de la parole. Cette interprétation est inédite, car chez aucun autre poète, écrivain, intellectuel ou auteur cinématographique le&hellip;</p>
