{"id":2332,"date":"2004-12-31T05:00:00","date_gmt":"2004-12-31T05:00:00","guid":{"rendered":"http:\/\/www.fivecontinentseditions.com\/prodotto\/raphael-2\/"},"modified":"2018-02-07T16:21:02","modified_gmt":"2018-02-07T16:21:02","slug":"raphael-2","status":"publish","type":"product","link":"https:\/\/www.fivecontinentseditions.com\/fr\/p\/raphael-2\/","title":{"rendered":"Raphael"},"content":{"rendered":"<p>Raffaello Sanzio da Urbino (1483-1520) a \u00e9t\u00e9 le g\u00e9nie du changement, de l&rsquo;assimilation et de la curiosit\u00e9. M\u00fb par un besoin constant d&rsquo;exp\u00e9rimentation, il s&rsquo;est confront\u00e9, dans les vingt ann\u00e9es de son parcours artistique, avec toutes les &laquo;mani\u00e8res&raquo; qu&rsquo;il a eu l&rsquo;occasion de conna\u00eetre : tout d&rsquo;abord en Ombrie, avec son p\u00e8re Giovanni Santi, Pinturicchio et le P\u00e9rugin, le ma\u00eetre id\u00e9al, puis \u00e0Florence avec L\u00e9onard de Vinci, Fra Bartolomeo et Michel-Ange, et enfin \u00e0Rome avec la peinture des ma\u00eetres v\u00e9nitiens et les chefs-d&rsquo;&oelig;uvre de l&rsquo;art classique. Ce faisant, il a su remettre constamment en question les r\u00e9sultats acquis, m\u00eame si en apparence ceux-ci \u00e9taient &laquo;parfaits&raquo; et suscitaient l&rsquo;admiration de ses clients.<\/p>\n<p>Le d\u00e9sir d&rsquo;affronter sans cesse de nouveaux d\u00e9fis intellectuels l&rsquo;a pouss\u00e9 \u00e0se tourner vers le monde des lettr\u00e9s, dont la fr\u00e9quentation a donn\u00e9 une dimension culturelle sans pr\u00e9c\u00e9dent \u00e0ses &oelig;uvres et lui a valu l&rsquo;estime des milieux humanistes les plus raffin\u00e9s ; que l&rsquo;on songe \u00e0l&rsquo;amiti\u00e9 qui, des ann\u00e9es durant, le lia \u00e0Baldassare Castiglione ou \u00e0 la derni\u00e8re &oelig;uvre, rest\u00e9e inachev\u00e9e, qu&rsquo;il entreprit, la reconstitution graphique de la Rome antique.<\/p>\n<p>Les \u00e9tudes men\u00e9es tout particuli\u00e8rement dans les vingt derni\u00e8res ann\u00e9es, dans le sillage du cinqui\u00e8me centenaire de la naissance de l&rsquo;artiste (1983) et des campagnes de restauration men\u00e9es sur certaines de ses principales &oelig;uvres (dont les fresques des chambres du Vatican), nous offrent une nouvelle image de Rapha\u00ebl, balayant tout soup\u00e7on d&rsquo; &laquo; acad\u00e9misme &raquo; sur un peintre qui n&rsquo;a pas eu un grand succ\u00e8s aupr\u00e8s des artistes du XXe si\u00e8cle du fait d&rsquo;une perception r\u00e9ductrice et banalisante de son langage figuratif si vari\u00e9.<\/p>\n<p><strong>Vincenzo Farinella<\/strong> enseigne l&rsquo;Histoire de l&rsquo;Art moderne \u00e0l&rsquo;universit\u00e9 de Pise. Il a \u00e9tudi\u00e9 l&rsquo;art italien de la Renaissance et ses rapports avec l&rsquo;Antiquit\u00e9 classique et consacr\u00e9 \u00e0ce th\u00e8me diff\u00e9rents ar ticles et essais (dont le volume <em>Archeologia e pittura a Roma tra Quattrocento e Cinquecento. Il caso di Jacopo Ripanda<\/em>,Turin 1992). Il s&rsquo;est int\u00e9ress\u00e9 en outre aux rapports entre les cultures figuratives italienne et europ\u00e9enne entre la fin du XIXe si\u00e8cle et le d\u00e9but du XXe (on lui doit l&rsquo;exposition <em>Pittura dei campi. Egisto Ferroni e il Naturalismo europeo<\/em>, Livourne 2002).<\/p>\n","protected":false},"excerpt":{"rendered":"<p>Raffaello Sanzio da Urbino (1483-1520) a \u00e9t\u00e9 le g\u00e9nie du changement, de l&rsquo;assimilation et de la curiosit\u00e9. M\u00fb par un besoin constant d&rsquo;exp\u00e9rimentation, il s&rsquo;est confront\u00e9, dans les vingt ann\u00e9es de son parcours artistique, avec toutes les &laquo;mani\u00e8res&raquo; qu&rsquo;il a eu l&rsquo;occasion de conna\u00eetre : tout d&rsquo;abord en Ombrie, avec son p\u00e8re Giovanni Santi, Pinturicchio&hellip;<\/p>\n","protected":false},"featured_media":2307,"template":"","meta":{"_acf_changed":false,"inline_featured_image":false},"product_brand":[],"product_cat":[68],"product_tag":[],"class_list":{"0":"post-2332","1":"product","2":"type-product","3":"status-publish","4":"has-post-thumbnail","6":"product_cat-art-moderne","7":"collana-galerie-des-arts","8":"collana-galleria-delle-arti","9":"disponibilita-no","10":"description-off","12":"first","13":"outofstock","14":"shipping-taxable","15":"purchasable","16":"product-type-simple"},"acf":[],"_links":{"self":[{"href":"https:\/\/www.fivecontinentseditions.com\/fr\/wp-json\/wp\/v2\/product\/2332","targetHints":{"allow":["GET"]}}],"collection":[{"href":"https:\/\/www.fivecontinentseditions.com\/fr\/wp-json\/wp\/v2\/product"}],"about":[{"href":"https:\/\/www.fivecontinentseditions.com\/fr\/wp-json\/wp\/v2\/types\/product"}],"wp:featuredmedia":[{"embeddable":true,"href":"https:\/\/www.fivecontinentseditions.com\/fr\/wp-json\/wp\/v2\/media\/2307"}],"wp:attachment":[{"href":"https:\/\/www.fivecontinentseditions.com\/fr\/wp-json\/wp\/v2\/media?parent=2332"}],"wp:term":[{"taxonomy":"product_brand","embeddable":true,"href":"https:\/\/www.fivecontinentseditions.com\/fr\/wp-json\/wp\/v2\/product_brand?post=2332"},{"taxonomy":"product_cat","embeddable":true,"href":"https:\/\/www.fivecontinentseditions.com\/fr\/wp-json\/wp\/v2\/product_cat?post=2332"},{"taxonomy":"product_tag","embeddable":true,"href":"https:\/\/www.fivecontinentseditions.com\/fr\/wp-json\/wp\/v2\/product_tag?post=2332"}],"curies":[{"name":"wp","href":"https:\/\/api.w.org\/{rel}","templated":true}]}}

<p>Raffaello Sanzio da Urbino (1483-1520) a été le génie du changement, de l&rsquo;assimilation et de la curiosité. Mû par un besoin constant d&rsquo;expérimentation, il s&rsquo;est confronté, dans les vingt années de son parcours artistique, avec toutes les &laquo;manières&raquo; qu&rsquo;il a eu l&rsquo;occasion de connaître : tout d&rsquo;abord en Ombrie, avec son père Giovanni Santi, Pinturicchio et le Pérugin, le maître idéal, puis àFlorence avec Léonard de Vinci, Fra Bartolomeo et Michel-Ange, et enfin àRome avec la peinture des maîtres vénitiens et les chefs-d&rsquo;&oelig;uvre de l&rsquo;art classique. Ce faisant, il a su remettre constamment en question les résultats acquis, même si en apparence ceux-ci étaient &laquo;parfaits&raquo; et suscitaient l&rsquo;admiration de ses clients.</p>
<p>Le désir d&rsquo;affronter sans cesse de nouveaux défis intellectuels l&rsquo;a poussé àse tourner vers le monde des lettrés, dont la fréquentation a donné une dimension culturelle sans précédent àses &oelig;uvres et lui a valu l&rsquo;estime des milieux humanistes les plus raffinés ; que l&rsquo;on songe àl&rsquo;amitié qui, des années durant, le lia àBaldassare Castiglione ou à la dernière &oelig;uvre, restée inachevée, qu&rsquo;il entreprit, la reconstitution graphique de la Rome antique.</p>
<p>Les études menées tout particulièrement dans les vingt dernières années, dans le sillage du cinquième centenaire de la naissance de l&rsquo;artiste (1983) et des campagnes de restauration menées sur certaines de ses principales &oelig;uvres (dont les fresques des chambres du Vatican), nous offrent une nouvelle image de Raphaël, balayant tout soupçon d&rsquo; &laquo; académisme &raquo; sur un peintre qui n&rsquo;a pas eu un grand succès auprès des artistes du XXe siècle du fait d&rsquo;une perception réductrice et banalisante de son langage figuratif si varié.</p>
<p><strong>Vincenzo Farinella</strong> enseigne l&rsquo;Histoire de l&rsquo;Art moderne àl&rsquo;université de Pise. Il a étudié l&rsquo;art italien de la Renaissance et ses rapports avec l&rsquo;Antiquité classique et consacré àce thème différents ar ticles et essais (dont le volume <em>Archeologia e pittura a Roma tra Quattrocento e Cinquecento. Il caso di Jacopo Ripanda</em>,Turin 1992). Il s&rsquo;est intéressé en outre aux rapports entre les cultures figuratives italienne et européenne entre la fin du XIXe siècle et le début du XXe (on lui doit l&rsquo;exposition <em>Pittura dei campi. Egisto Ferroni e il Naturalismo europeo</em>, Livourne 2002).</p>

<p>Raffaello Sanzio da Urbino (1483-1520) a été le génie du changement, de l&rsquo;assimilation et de la curiosité. Mû par un besoin constant d&rsquo;expérimentation, il s&rsquo;est confronté, dans les vingt années de son parcours artistique, avec toutes les &laquo;manières&raquo; qu&rsquo;il a eu l&rsquo;occasion de connaître : tout d&rsquo;abord en Ombrie, avec son père Giovanni Santi, Pinturicchio&hellip;</p>
