{"id":18692,"date":"2019-09-09T05:00:00","date_gmt":"2019-09-09T05:00:00","guid":{"rendered":"https:\/\/www.fivecontinentseditions.com\/?post_type=product&#038;p=18692"},"modified":"2025-11-05T15:37:49","modified_gmt":"2025-11-05T15:37:49","slug":"palezieux","status":"publish","type":"product","link":"https:\/\/www.fivecontinentseditions.com\/fr\/p\/palezieux\/","title":{"rendered":"Pal\u00e9zieux"},"content":{"rendered":"<p><span style=\"color: #000000;\">Quatre petits volumes ressemblant \u00e0 des carnets nous introduisent, y compris sur le plan mat\u00e9riel, \u00e0 l\u2019\u0153uvre sur papier du peintre et graveur suisse G\u00e9rard de Pal\u00e9zieux (Vevey 1919-Veyras 2012). Apr\u00e8s sa formation \u00e0 l\u2019\u00c9cole des beaux-arts de Lausanne, il r\u00e9side \u00e0 Florence pendant la Seconde Guerre mondiale, puis s\u2019installe dans le canton du Valais, o\u00f9 il vivra jusqu\u2019\u00e0 sa mort.<\/span><\/p>\n<p>La lumi\u00e8re, les usines et la campagne italiennes constitueront un ancrage important pour sa po\u00e9tique, parfois tr\u00e8s proche de celle de Giorgio Morandi, dont G\u00e9rard de Pal\u00e9zieux fait la connaissance en 1953 et avec qui il restera en contact jusqu\u2019au d\u00e9c\u00e8s du peintre bolonais. Mais son \u0153uvre t\u00e9moigne aussi d\u2019autres sources d\u2019inspiration, tels les effets lumineux de Canaletto et de Claude Lorrain.<\/p>\n<p>En 1969, apr\u00e8s un voyage au Maroc, il d\u00e9couvre l\u2019aquarelle, technique qui va l\u2019aider \u00e0 \u00e9largir sa vision et lui permettre de dissoudre toute pesanteur en une pure luminosit\u00e9. C\u2019est \u00e0 Venise que, \u00e0 partir de 1972, Pal\u00e9zieux trouve sa v\u00e9ritable voie, gr\u00e2ce aux qualit\u00e9s de rapidit\u00e9 et de transparence du m\u00e9dium, une voie tr\u00e8s proche d\u2019une sagesse et d\u2019un retrait du monde pr\u00f4n\u00e9s par les peintres chinois. \u00c0 partir de ce moment-l\u00e0, le graveur s\u2019ouvre \u00e0 des exp\u00e9riences beaucoup plus libres, en se passionnant pour des techniques comme l\u2019aquatinte ou le monotype lui permettant de traduire dans des paysages d\u2019une extr\u00eame sensibilit\u00e9 le passage du temps.<\/p>\n<p>Solitaire, instinctif, fid\u00e8le \u00e0 ses \u00e9motions, Pal\u00e9zieux n\u2019a jamais renonc\u00e9 \u00e0 la peinture telle qu\u2019il l\u2019avait apprise de ses ma\u00eetres. \u00ab\u00a0Je suis un attard\u00e9, disait-il, un isol\u00e9, dans un si\u00e8cle qui me d\u00e9passe.\u00a0\u00bb En dehors de tout courant, de toute posture, son regard sur le monde se r\u00e9v\u00e8le n\u00e9anmoins \u00e9tonnamment juste, et charg\u00e9 d\u2019un \u00e9trange pouvoir de r\u00e9sistance. Dans ses images peintes ou grav\u00e9es, il \u00e9voque les choses et les pays avec une r\u00e9serve qui traduit les incertitudes de notre temps, ses abandons\u00a0; pourtant jamais il n\u2019appuie sur la plaie et jamais il ne force l\u2019expression. Ses aquarelles de neige, ses aquatintes au sucre disent le retrait de la lumi\u00e8re, la force in\u00e9luctable du temps, opposant aux contingences et aux discours personnels un art qui tente de renouer avec le simple et l\u2019universel.<\/p>\n<p>&nbsp;<\/p>\n<p><strong>Ger Luijten\u00a0<\/strong>a fait des \u00e9tudes d\u2019histoire de l\u2019art \u00e0 l\u2019universit\u00e9 d\u2019Utrecht. De 1987 \u00e0 1990, il fut conservateur au Cabinet des arts graphiques du Museum Boijmans Van\u00a0Beuningen de Rotterdam, avant de travailler au Rijksmuseum d\u2019Amsterdam, d\u2019abord comme conservateur en chef du d\u00e9partement des estampes, puis de 2001 \u00e0 2010 comme conservateur en chef du Rijksprentenkabinet. Depuis 2010, il est directeur de la Fondation Custodia \u00e0 Paris. Il est l\u2019\u00e9diteur du <em>Hollstein\u2019s Dutch and Flemish Etchings, Engravings and Woodcuts 1450-1700<\/em>, l\u2019ouvrage de r\u00e9f\u00e9rence sur l\u2019art de l\u2019estampe aux Pays-Bas.<\/p>\n<p><strong>Florian Rodari\u00a0<\/strong>a une double formation, litt\u00e9raire et d\u2019histoire de l\u2019art. Apr\u00e8s sept ans pass\u00e9s au Cabinet des estampes de Gen\u00e8ve, il dirige de 1979 \u00e0 1983 le mus\u00e9e de l\u2019\u00c9lys\u00e9e \u00e0 Lausanne. Devenu conservateur ind\u00e9pendant, il organise r\u00e9guli\u00e8rement des expositions pour les mus\u00e9es tant en Suisse qu\u2019\u00e0 l\u2019\u00e9tranger. Auteur de nombreux ouvrages, il a r\u00e9uni ses essais sur la gravure dans un recueil\u00a0paru en 2014 aux \u00e9ditions Gallimard sous le titre <em>L\u2019Univers comme alphabet<\/em>. Chez 5\u00a0Continents Editions, il a publi\u00e9 en 2015 <em>Claude Mellan. L\u2019\u00e9criture de la m\u00e9thode<\/em>, en 2017 <em>Impressions fortes. L\u2019estampe en cent chefs-d\u2019\u0153uvre<\/em>. <em>Collection de la Fondation William Cuendet &amp; Atelier de Saint-Prex<\/em>, et en 2018 <em>Picasso. Lever de Rideau. L\u2019ar\u00e8ne, l\u2019atelier, l\u2019alc\u00f4ve\u00a0<\/em>et <em>Traverser la lumi\u00e8re<\/em>.<\/p>\n<p><strong>Alain Madeleine-Perdrillat\u00a0<\/strong>est un historien de l\u2019art fran\u00e7ais n\u00e9 en 1949 \u00e0 Paris. Il a longtemps travaill\u00e9 \u00e0 la R\u00e9union des mus\u00e9es nationaux, puis \u00e0 l\u2019Institut national d\u2019histoire de l\u2019art. Il est l\u2019auteur d\u2019une monographie sur Seurat (Skira, 1990), d\u2019une \u00e9tude sur Nicolas de Sta\u00ebl (Hazan, 2003) et d\u2019essais sur des \u00e9crivains, des po\u00e8tes et des peintres. Il a traduit plusieurs textes de Roberto Longhi,\u00a0<em>La Vie d\u2019un peintre <\/em>de Gino Severini (Hazan, 2011)et, r\u00e9cemment, <em>L\u2019Originalit\u00e9 de Thomas Jones\u00a0<\/em>de Lawrence Gowing (Fage \u00e9ditions, 2017).<\/p>\n<p><strong>Peter Schatborn\u00a0<\/strong>est directeur \u00e9m\u00e9rite du Rijksprentenkabinet au Rijksmuseum d\u2019Amsterdam. Il a \u00e9t\u00e9 chercheur invit\u00e9 au Getty Research Institute de Los\u00a0Angeles et a organis\u00e9 des expositions pour la Fondation Custodia \u2013 Collection Frits Lugt, \u00e0 Paris, et The Frick Collection \u00e0 New\u00a0York. Il est sp\u00e9cialiste du dessin n\u00e9erlandais du xvii<sup>e<\/sup>\u00a0si\u00e8cle.<\/p>\n<p><strong>Catherine McCready\u00a0<\/strong>Taille-douci\u00e8re, responsable des collections \u00e0 la Fondation William Cuendet &amp; Atelier de Saint-Prex, en charge notamment de l\u2019inventaire de l\u2019\u0153uvre sur papier de Pal\u00e9zieux, Catherine McCready a \u00e9t\u00e9 tr\u00e8s proche de l\u2019artiste qui, \u00e0 la fin de sa vie, lui confiait le tirage de ses gravures.<\/p>\n<p><strong>Pierre Vogt\u00a0<\/strong>N\u00e9 dans le Valais, ce professeur de cardiologie, graveur et photographe, a bien connu G\u00e9rard de Pal\u00e9zieux avec lequel il a pratiqu\u00e9 l\u2019aquarelle. Il est actuellement le pr\u00e9sident de la Fondation William Cuendet &amp; Atelier de Saint-Prex.<\/p>\n","protected":false},"excerpt":{"rendered":"<p>Quatre petits volumes ressemblant \u00e0 des carnets nous introduisent, y compris sur le plan mat\u00e9riel, \u00e0 l\u2019\u0153uvre sur papier du peintre et graveur suisse G\u00e9rard de Pal\u00e9zieux (Vevey 1919-Veyras 2012). Apr\u00e8s sa formation \u00e0 l\u2019\u00c9cole des beaux-arts de Lausanne, il r\u00e9side \u00e0 Florence pendant la Seconde Guerre mondiale, puis s\u2019installe dans le canton du Valais,&hellip;<\/p>\n","protected":false},"featured_media":23237,"template":"","meta":{"_acf_changed":false,"inline_featured_image":false},"product_brand":[],"product_cat":[57,71],"product_tag":[],"class_list":{"0":"post-18692","1":"product","2":"type-product","3":"status-publish","4":"has-post-thumbnail","6":"product_cat-art-contemporain","7":"product_cat-arts-graphiques","8":"disponibilita-si","9":"description-off","11":"first","12":"instock","13":"shipping-taxable","14":"purchasable","15":"product-type-simple"},"acf":[],"_links":{"self":[{"href":"https:\/\/www.fivecontinentseditions.com\/fr\/wp-json\/wp\/v2\/product\/18692","targetHints":{"allow":["GET"]}}],"collection":[{"href":"https:\/\/www.fivecontinentseditions.com\/fr\/wp-json\/wp\/v2\/product"}],"about":[{"href":"https:\/\/www.fivecontinentseditions.com\/fr\/wp-json\/wp\/v2\/types\/product"}],"wp:featuredmedia":[{"embeddable":true,"href":"https:\/\/www.fivecontinentseditions.com\/fr\/wp-json\/wp\/v2\/media\/23237"}],"wp:attachment":[{"href":"https:\/\/www.fivecontinentseditions.com\/fr\/wp-json\/wp\/v2\/media?parent=18692"}],"wp:term":[{"taxonomy":"product_brand","embeddable":true,"href":"https:\/\/www.fivecontinentseditions.com\/fr\/wp-json\/wp\/v2\/product_brand?post=18692"},{"taxonomy":"product_cat","embeddable":true,"href":"https:\/\/www.fivecontinentseditions.com\/fr\/wp-json\/wp\/v2\/product_cat?post=18692"},{"taxonomy":"product_tag","embeddable":true,"href":"https:\/\/www.fivecontinentseditions.com\/fr\/wp-json\/wp\/v2\/product_tag?post=18692"}],"curies":[{"name":"wp","href":"https:\/\/api.w.org\/{rel}","templated":true}]}}

Palézieux

<p><span style="color: #000000;">Quatre petits volumes ressemblant à des carnets nous introduisent, y compris sur le plan matériel, à l’œuvre sur papier du peintre et graveur suisse Gérard de Palézieux (Vevey 1919-Veyras 2012). Après sa formation à l’École des beaux-arts de Lausanne, il réside à Florence pendant la Seconde Guerre mondiale, puis s’installe dans le canton du Valais, où il vivra jusqu’à sa mort.</span></p>
<p>La lumière, les usines et la campagne italiennes constitueront un ancrage important pour sa poétique, parfois très proche de celle de Giorgio Morandi, dont Gérard de Palézieux fait la connaissance en 1953 et avec qui il restera en contact jusqu’au décès du peintre bolonais. Mais son œuvre témoigne aussi d’autres sources d’inspiration, tels les effets lumineux de Canaletto et de Claude Lorrain.</p>
<p>En 1969, après un voyage au Maroc, il découvre l’aquarelle, technique qui va l’aider à élargir sa vision et lui permettre de dissoudre toute pesanteur en une pure luminosité. C’est à Venise que, à partir de 1972, Palézieux trouve sa véritable voie, grâce aux qualités de rapidité et de transparence du médium, une voie très proche d’une sagesse et d’un retrait du monde prônés par les peintres chinois. À partir de ce moment-là, le graveur s’ouvre à des expériences beaucoup plus libres, en se passionnant pour des techniques comme l’aquatinte ou le monotype lui permettant de traduire dans des paysages d’une extrême sensibilité le passage du temps.</p>
<p>Solitaire, instinctif, fidèle à ses émotions, Palézieux n’a jamais renoncé à la peinture telle qu’il l’avait apprise de ses maîtres. « Je suis un attardé, disait-il, un isolé, dans un siècle qui me dépasse. » En dehors de tout courant, de toute posture, son regard sur le monde se révèle néanmoins étonnamment juste, et chargé d’un étrange pouvoir de résistance. Dans ses images peintes ou gravées, il évoque les choses et les pays avec une réserve qui traduit les incertitudes de notre temps, ses abandons ; pourtant jamais il n’appuie sur la plaie et jamais il ne force l’expression. Ses aquarelles de neige, ses aquatintes au sucre disent le retrait de la lumière, la force inéluctable du temps, opposant aux contingences et aux discours personnels un art qui tente de renouer avec le simple et l’universel.</p>
<p>&nbsp;</p>
<p><strong>Ger Luijten </strong>a fait des études d’histoire de l’art à l’université d’Utrecht. De 1987 à 1990, il fut conservateur au Cabinet des arts graphiques du Museum Boijmans Van Beuningen de Rotterdam, avant de travailler au Rijksmuseum d’Amsterdam, d’abord comme conservateur en chef du département des estampes, puis de 2001 à 2010 comme conservateur en chef du Rijksprentenkabinet. Depuis 2010, il est directeur de la Fondation Custodia à Paris. Il est l’éditeur du <em>Hollstein’s Dutch and Flemish Etchings, Engravings and Woodcuts 1450-1700</em>, l’ouvrage de référence sur l’art de l’estampe aux Pays-Bas.</p>
<p><strong>Florian Rodari </strong>a une double formation, littéraire et d’histoire de l’art. Après sept ans passés au Cabinet des estampes de Genève, il dirige de 1979 à 1983 le musée de l’Élysée à Lausanne. Devenu conservateur indépendant, il organise régulièrement des expositions pour les musées tant en Suisse qu’à l’étranger. Auteur de nombreux ouvrages, il a réuni ses essais sur la gravure dans un recueil paru en 2014 aux éditions Gallimard sous le titre <em>L’Univers comme alphabet</em>. Chez 5 Continents Editions, il a publié en 2015 <em>Claude Mellan. L’écriture de la méthode</em>, en 2017 <em>Impressions fortes. L’estampe en cent chefs-d’œuvre</em>. <em>Collection de la Fondation William Cuendet &amp; Atelier de Saint-Prex</em>, et en 2018 <em>Picasso. Lever de Rideau. L’arène, l’atelier, l’alcôve </em>et <em>Traverser la lumière</em>.</p>
<p><strong>Alain Madeleine-Perdrillat </strong>est un historien de l’art français né en 1949 à Paris. Il a longtemps travaillé à la Réunion des musées nationaux, puis à l’Institut national d’histoire de l’art. Il est l’auteur d’une monographie sur Seurat (Skira, 1990), d’une étude sur Nicolas de Staël (Hazan, 2003) et d’essais sur des écrivains, des poètes et des peintres. Il a traduit plusieurs textes de Roberto Longhi, <em>La Vie d’un peintre </em>de Gino Severini (Hazan, 2011)et, récemment, <em>L’Originalité de Thomas Jones </em>de Lawrence Gowing (Fage éditions, 2017).</p>
<p><strong>Peter Schatborn </strong>est directeur émérite du Rijksprentenkabinet au Rijksmuseum d’Amsterdam. Il a été chercheur invité au Getty Research Institute de Los Angeles et a organisé des expositions pour la Fondation Custodia – Collection Frits Lugt, à Paris, et The Frick Collection à New York. Il est spécialiste du dessin néerlandais du xvii<sup>e</sup> siècle.</p>
<p><strong>Catherine McCready </strong>Taille-doucière, responsable des collections à la Fondation William Cuendet &amp; Atelier de Saint-Prex, en charge notamment de l’inventaire de l’œuvre sur papier de Palézieux, Catherine McCready a été très proche de l’artiste qui, à la fin de sa vie, lui confiait le tirage de ses gravures.</p>
<p><strong>Pierre Vogt </strong>Né dans le Valais, ce professeur de cardiologie, graveur et photographe, a bien connu Gérard de Palézieux avec lequel il a pratiqué l’aquarelle. Il est actuellement le président de la Fondation William Cuendet &amp; Atelier de Saint-Prex.</p>

<p>Quatre petits volumes ressemblant à des carnets nous introduisent, y compris sur le plan matériel, à l’œuvre sur papier du peintre et graveur suisse Gérard de Palézieux (Vevey 1919-Veyras 2012). Après sa formation à l’École des beaux-arts de Lausanne, il réside à Florence pendant la Seconde Guerre mondiale, puis s’installe dans le canton du Valais,&hellip;</p>
