{"id":16940,"date":"2018-07-13T05:00:00","date_gmt":"2018-07-13T05:00:00","guid":{"rendered":"https:\/\/www.fivecontinentseditions.com\/?post_type=product&#038;p=16940"},"modified":"2023-12-17T15:35:09","modified_gmt":"2023-12-17T15:35:09","slug":"fortier-photographe","status":"publish","type":"product","link":"https:\/\/www.fivecontinentseditions.com\/fr\/p\/fortier-photographe\/","title":{"rendered":"Fortier, photographe"},"content":{"rendered":"<p>Edmond Fortier, n\u00e9 fran\u00e7ais en 1862 \u00e0 Celles-sur-Plaine dans les Vosges, devenu allemand par le fait de l\u2019histoire, \u00e9migre \u00e0 Paris en 1883, se fait naturaliser fran\u00e7ais puis s\u2019installe, \u00e0 la fin du XIX<sup>e<\/sup>\u00a0si\u00e8cle, \u00e0 Dakar, o\u00f9 il d\u00e9veloppe son talent de photographe. Il y meurt en 1928. Actif au d\u00e9but du XX<sup>e<\/sup>\u00a0si\u00e8cle en Afrique occidentale, il a l\u00e9gu\u00e9 un important h\u00e9ritage photographique de plus de\u00a03 500 clich\u00e9s, \u00e9dit\u00e9s sous forme de cartes postales, genre \u00e0 la mode \u00e0 l\u2019\u00e9poque. Ses cartes postales ont essaim\u00e9 \u00e0 travers le monde, alors que les originaux n\u2019ont pas \u00e9t\u00e9 retrouv\u00e9s \u00e0 ce jour.<\/p>\n<p>Aucune \u00e9tude d\u2019ampleur n\u2019avait encore \u00e9t\u00e9 consacr\u00e9e \u00e0 ce personnage. Daniela Moreau concentre son attention sur un moment particulier de la trajectoire d\u2019Edmond Fortier\u00a0: le p\u00e9riple de plus de cinq mille kilom\u00e8tres qu\u2019il effectua du chef-lieu de la Guin\u00e9e fran\u00e7aise \u00e0 la porte du d\u00e9sert, Tombouctou, dans l\u2019actuel Mali. Cet axe principal est quelquefois d\u00e9laiss\u00e9 pour des chemins de traverse, notamment vers la falaise de Bandiagara et le pays dogon. Edmond Fortier est le premier \u00e0 avoir photographi\u00e9 certaines c\u00e9r\u00e9monies et danses du pays dogon et de la r\u00e9gion de Bamako, montrant notamment des porteurs de masque \u00e0 antilope <em>ciwara,\u00a0<\/em>mais aussi la vari\u00e9t\u00e9 des instruments de musique. De m\u00eame, Fortier nous donne \u00e0 voir l\u2019\u00e9tat d\u00e9labr\u00e9 des mosqu\u00e9es Sankor\u00e9, Djinguereber et Sidi Yahya de Tombouctou avant leur reconstruction. Fortier n\u2019endosse pas pour autant le r\u00f4le de l\u2019ethnographe, m\u00eame amateur, mais il exerce son m\u00e9tier avec talent, faisant de son \u0153il un outil perspicace d\u2019observation.<\/p>\n<p>500 cartes postales, rassembl\u00e9es dans la \u00ab\u00a0collection g\u00e9n\u00e9rale Fortier\u00a0\u00bb, illustrent ce voyage. Une bonne moiti\u00e9 d\u2019entre elles sont ici reproduites. C\u2019est \u00e0 leur analyse que se livre Daniela Moreau, apr\u00e8s avoir \u00e9tudi\u00e9 ce personnage hors normes et s\u2019\u00eatre interrog\u00e9e sur le contexte technique et historique de la production iconographique, gr\u00e2ce \u00e0 un minutieux travail de recherche, alliant exploitation de fonds d\u2019archives et d\u2019une vaste bibliographie, m\u00ealant \u00e9rudition et investigation.<\/p>\n<p><strong>\u00a0<\/strong><\/p>\n<p><strong>Daniela Moreau <\/strong>(Rio de Janeiro, 1957) est historienne. Depuis 1995, elle fait des voyages de recherche sur le continent africain, sp\u00e9cialement dans le Sahel et en Afrique de l\u2019Ouest. Elle vit et travaille \u00e0 S\u00e3o Paulo, Br\u00e9sil, o\u00f9 elle a fond\u00e9 et coordonn\u00e9 pendant dix ans l\u2019ONG Casa das \u00c1fricas. Actuellement, elle dirige le projet Acervo \u00c1frica, qui met \u00e0 la disposition des chercheurs une collection de plus de 1\u00a0500\u00a0pi\u00e8ces de culture mat\u00e9rielle africaine contemporaine. Depuis 2003, elle se consacre \u00e0 la reconstitution et \u00e0 l\u2019\u00e9tude de l\u2019\u0153uvre photographique d\u2019Edmond Fortier (Celles-sur-Plaine, 1862-Dakar 1928).\u00a0<em>Fortier, photographe.\u00a0<\/em><em>De Conakry \u00e0 Tombouctou\u00a0<\/em>est son premier livre traduit en fran\u00e7ais.<\/p>\n<p><strong>Odile Goerg\u00a0<\/strong>est professeur d\u2019histoire de l\u2019Afrique contemporaine, universit\u00e9 Paris-Diderot, et membre du cessma (Centre d\u2019\u00e9tudes en sciences sociales sur les mondes africains, am\u00e9ricains et asiatiques).<\/p>\n<p><strong>Paulo Fernando de Moraes Farias\u00a0<\/strong>est\u00a0<em>fellow\u00a0<\/em>de la British Academy, professeur honoraire au d\u00e9partement d\u2019\u00e9tudes africaines et anthropologie de l\u2019universit\u00e9 de Birmingham, Angleterre\u00a0; auparavant \u00e0 l\u2019universit\u00e9 f\u00e9d\u00e9rale de Bahia, Br\u00e9sil (Centre d\u2019\u00e9tudes afro-orientales), \u00e0 l\u2019universit\u00e9 de Dakar, S\u00e9n\u00e9gal (ifan), et \u00e0 l\u2019universit\u00e9 Ahmadu Bello, Zaria, Nigeria (d\u00e9partement d\u2019histoire).<\/p>\n","protected":false},"excerpt":{"rendered":"<p>Edmond Fortier, n\u00e9 fran\u00e7ais en 1862 \u00e0 Celles-sur-Plaine dans les Vosges, devenu allemand par le fait de l\u2019histoire, \u00e9migre \u00e0 Paris en 1883, se fait naturaliser fran\u00e7ais puis s\u2019installe, \u00e0 la fin du XIXe\u00a0si\u00e8cle, \u00e0 Dakar, o\u00f9 il d\u00e9veloppe son talent de photographe. Il y meurt en 1928. Actif au d\u00e9but du XXe\u00a0si\u00e8cle en Afrique&hellip;<\/p>\n","protected":false},"featured_media":21076,"template":"","meta":{"_acf_changed":false,"inline_featured_image":false},"product_brand":[],"product_cat":[73],"product_tag":[],"class_list":{"0":"post-16940","1":"product","2":"type-product","3":"status-publish","4":"has-post-thumbnail","6":"product_cat-photographie","7":"disponibilita-si","8":"description-off","10":"first","11":"instock","12":"shipping-taxable","13":"purchasable","14":"product-type-simple"},"acf":[],"_links":{"self":[{"href":"https:\/\/www.fivecontinentseditions.com\/fr\/wp-json\/wp\/v2\/product\/16940","targetHints":{"allow":["GET"]}}],"collection":[{"href":"https:\/\/www.fivecontinentseditions.com\/fr\/wp-json\/wp\/v2\/product"}],"about":[{"href":"https:\/\/www.fivecontinentseditions.com\/fr\/wp-json\/wp\/v2\/types\/product"}],"wp:featuredmedia":[{"embeddable":true,"href":"https:\/\/www.fivecontinentseditions.com\/fr\/wp-json\/wp\/v2\/media\/21076"}],"wp:attachment":[{"href":"https:\/\/www.fivecontinentseditions.com\/fr\/wp-json\/wp\/v2\/media?parent=16940"}],"wp:term":[{"taxonomy":"product_brand","embeddable":true,"href":"https:\/\/www.fivecontinentseditions.com\/fr\/wp-json\/wp\/v2\/product_brand?post=16940"},{"taxonomy":"product_cat","embeddable":true,"href":"https:\/\/www.fivecontinentseditions.com\/fr\/wp-json\/wp\/v2\/product_cat?post=16940"},{"taxonomy":"product_tag","embeddable":true,"href":"https:\/\/www.fivecontinentseditions.com\/fr\/wp-json\/wp\/v2\/product_tag?post=16940"}],"curies":[{"name":"wp","href":"https:\/\/api.w.org\/{rel}","templated":true}]}}

<p>Edmond Fortier, né français en 1862 à Celles-sur-Plaine dans les Vosges, devenu allemand par le fait de l’histoire, émigre à Paris en 1883, se fait naturaliser français puis s’installe, à la fin du XIX<sup>e</sup> siècle, à Dakar, où il développe son talent de photographe. Il y meurt en 1928. Actif au début du XX<sup>e</sup> siècle en Afrique occidentale, il a légué un important héritage photographique de plus de 3 500 clichés, édités sous forme de cartes postales, genre à la mode à l’époque. Ses cartes postales ont essaimé à travers le monde, alors que les originaux n’ont pas été retrouvés à ce jour.</p>
<p>Aucune étude d’ampleur n’avait encore été consacrée à ce personnage. Daniela Moreau concentre son attention sur un moment particulier de la trajectoire d’Edmond Fortier : le périple de plus de cinq mille kilomètres qu’il effectua du chef-lieu de la Guinée française à la porte du désert, Tombouctou, dans l’actuel Mali. Cet axe principal est quelquefois délaissé pour des chemins de traverse, notamment vers la falaise de Bandiagara et le pays dogon. Edmond Fortier est le premier à avoir photographié certaines cérémonies et danses du pays dogon et de la région de Bamako, montrant notamment des porteurs de masque à antilope <em>ciwara, </em>mais aussi la variété des instruments de musique. De même, Fortier nous donne à voir l’état délabré des mosquées Sankoré, Djinguereber et Sidi Yahya de Tombouctou avant leur reconstruction. Fortier n’endosse pas pour autant le rôle de l’ethnographe, même amateur, mais il exerce son métier avec talent, faisant de son œil un outil perspicace d’observation.</p>
<p>500 cartes postales, rassemblées dans la « collection générale Fortier », illustrent ce voyage. Une bonne moitié d’entre elles sont ici reproduites. C’est à leur analyse que se livre Daniela Moreau, après avoir étudié ce personnage hors normes et s’être interrogée sur le contexte technique et historique de la production iconographique, grâce à un minutieux travail de recherche, alliant exploitation de fonds d’archives et d’une vaste bibliographie, mêlant érudition et investigation.</p>
<p><strong> </strong></p>
<p><strong>Daniela Moreau </strong>(Rio de Janeiro, 1957) est historienne. Depuis 1995, elle fait des voyages de recherche sur le continent africain, spécialement dans le Sahel et en Afrique de l’Ouest. Elle vit et travaille à São Paulo, Brésil, où elle a fondé et coordonné pendant dix ans l’ONG Casa das Áfricas. Actuellement, elle dirige le projet Acervo África, qui met à la disposition des chercheurs une collection de plus de 1 500 pièces de culture matérielle africaine contemporaine. Depuis 2003, elle se consacre à la reconstitution et à l’étude de l’œuvre photographique d’Edmond Fortier (Celles-sur-Plaine, 1862-Dakar 1928). <em>Fortier, photographe. </em><em>De Conakry à Tombouctou </em>est son premier livre traduit en français.</p>
<p><strong>Odile Goerg </strong>est professeur d’histoire de l’Afrique contemporaine, université Paris-Diderot, et membre du cessma (Centre d’études en sciences sociales sur les mondes africains, américains et asiatiques).</p>
<p><strong>Paulo Fernando de Moraes Farias </strong>est <em>fellow </em>de la British Academy, professeur honoraire au département d’études africaines et anthropologie de l’université de Birmingham, Angleterre ; auparavant à l’université fédérale de Bahia, Brésil (Centre d’études afro-orientales), à l’université de Dakar, Sénégal (ifan), et à l’université Ahmadu Bello, Zaria, Nigeria (département d’histoire).</p>

<p>Edmond Fortier, né français en 1862 à Celles-sur-Plaine dans les Vosges, devenu allemand par le fait de l’histoire, émigre à Paris en 1883, se fait naturaliser français puis s’installe, à la fin du XIXe siècle, à Dakar, où il développe son talent de photographe. Il y meurt en 1928. Actif au début du XXe siècle en Afrique&hellip;</p>
